2, 2*p - 5*d - 7158 = p. Is p a composite number?
True
Suppose f = -h - h + 56, -3*h + 71 = -5*f. Let o = 286 - h. Is o composite?
True
Is (-46 + 53)/((-1)/(-1)) - -32874 prime?
False
Suppose 3*y = 12 + 24. Is 125 + -1 + y*5/20 a composite number?
False
Let n be (-29)/(-2)*260/(-5). Let w = -417 - n. Is w a composite number?
False
Suppose -w = w - 5*p - 41, -4*p - 22 = -w. Let k(d) = 75*d + 11. Is k(w) composite?
False
Suppose -101*j + 71*j = -917970. Is j composite?
True
Suppose 5*n - n + 16 = -5*j, 0 = 5*j + n + 4. Suppose -7*g + 66 + 417 = j. Is g a prime number?
False
Suppose -11*a + 12*a = 1501. Is a prime?
False
Let k = 6 - 0. Suppose k*o - 2*y + 3050 = o, -y = 5*o + 3050. Let m = o - -875. Is m prime?
False
Let g(i) = -5*i + 15. Let u be g(5). Is (-3506)/(-5) + 2/u a composite number?
False
Let g = 3887 - 2753. Let w = -475 + g. Is w a prime number?
True
Let o(u) = u - 1. Let f be o(2). Is 2/4 + (318/4 - f) a prime number?
True
Let u(h) be the first derivative of -h**3/3 - 3*h**2 + 7*h + 4. Suppose 2 = -3*a - 16. Is u(a) a composite number?
False
Let k = -2419 - 2019. Is (-55)/11*k/10 a prime number?
False
Let f(o) = 18*o**2 + o + 1. Let u be f(-1). Suppose 207 = 3*a - u. Suppose w - 4*w + a = 0. Is w composite?
True
Let f = 9060 + -6163. Is f a prime number?
True
Suppose 0 = 5*j + 3*z - 348176, -2*j + 3*z + 2248 + 137035 = 0. Is j a prime number?
False
Suppose 5*k = -5*y - 110, 3*k - 17 = 4*y + 36. Let i = 27 + y. Let x(z) = 9*z + 13. Is x(i) a prime number?
True
Is -1 - -4 - 164*(-4 - -2) a composite number?
False
Let b(t) = t**3 + 9*t**2 - 4*t - 39. Let y be b(-9). Let u = 3 - -1. Is u/(-24)*98*y composite?
True
Let z(w) be the third derivative of w**6/120 - 3*w**5/10 + 23*w**4/24 - 23*w**3/6 - w**2. Is z(18) a composite number?
True
Let l(i) = -3*i + 3. Let y be l(3). Let p(z) = 76*z + 7. Let s(k) = 37*k + 4. Let c(b) = -3*p(b) + 5*s(b). Is c(y) a prime number?
True
Let l = 100 + 434. Let y = l + -375. Suppose -5*q + 198 = p, 3*q + q + p = y. Is q a prime number?
False
Let u = 104 - 99. Suppose -3*f + 549 = 3*x + f, -5*x + 880 = -u*f. Is x a prime number?
True
Let f(y) = y**3 + 7*y**2 - y + 2. Let q be f(-7). Let m(s) = s**2 - s. Let r(c) = 3*c**2 - 18*c - 4. Let x(z) = 2*m(z) - r(z). Is x(q) prime?
True
Let d be 4/2 + -3487 - -1. Let z be d/(-12) + 3/(-9). Suppose 4*u = -4*o + 600, -2*o + 3*u + z = 7*u. Is o composite?
True
Let q(c) = -118*c + 325. Is q(-12) a prime number?
True
Suppose 3*d - j - 52556 = 0, -20843 + 3328 = -d + 4*j. Is d composite?
False
Suppose 39*x - 96858 = 21*x. Is x a composite number?
False
Let r = 40293 + 2348. Is r prime?
True
Let l(h) = -h**3 - 2*h**2 + 8*h + 5. Let c be l(-6). Let j = c + 10. Is j a composite number?
True
Suppose -5 + 15 = 2*k + i, 2*k + 2 = 2*i. Is (-3)/k*(-50 + -5) a prime number?
False
Suppose -2*j + 1 = -7. Suppose j*t - 7 = 5. Suppose 0 = 5*f - t - 572. Is f a prime number?
False
Is (-358855)/(-9) - (-10)/45 composite?
True
Suppose -6*x = -x - 3*r - 2711, -3*x + r + 1625 = 0. Is x a prime number?
True
Is ((-6729)/6)/(2/(-4)) prime?
True
Suppose 6031 = 8*a - 4185. Is a a prime number?
True
Let r(w) = 26*w**2 - 14*w - 6. Let q(o) = -51*o**2 + 28*o + 11. Let m(x) = -3*q(x) - 5*r(x). Is m(8) prime?
False
Let c(z) = 20*z**3 - 22*z**2 + 4*z - 21. Is c(8) a composite number?
True
Let c = 6 + -9. Let n(o) = 98*o**2 + 10*o + 15. Let p(k) = -33*k**2 - 3*k - 5. Let u(x) = -2*n(x) - 7*p(x). Is u(c) a prime number?
True
Suppose 0 = -6*z + 2*z + 12, 0 = r + 5*z - 18. Is (-1088)/(-12) + 1/r a composite number?
True
Suppose -2*z + 6*p = 2*p, -3*z - 3*p = 0. Suppose 0 = -5*a + 15 - z. Suppose -2 = 5*f + 3, g = a*f + 130. Is g a prime number?
True
Let y = 31226 + -13759. Is y a composite number?
False
Suppose -1 + 21 = -o + 5*z, -3*o - z - 12 = 0. Let w(v) = 26*v - 4. Let k(r) = r + 2. Let h(j) = -5*k(j) - w(j). Is h(o) composite?
False
Let b(o) = 5*o**2 - 78*o + 5. Is b(26) a composite number?
True
Let b(v) = v - 1. Let h be b(4). Suppose 2*q + 2 = 0, 3*m + h*q - 1216 = 2*m. Is m a composite number?
True
Let u(s) = -5*s**3 + 2*s**2 - 2*s + 1. Let a be u(1). Let z be -6 + -1 - (a - -5). Is 46/4*(10 + z) prime?
True
Suppose -15*o - 502766 = -37*o. Is o prime?
True
Let x(q) = -q + 1. Let c(b) = 10*b + 9. Let y(m) = c(m) - 3*x(m). Let s be y(5). Let f = -36 + s. Is f composite?
True
Let t(s) = -11*s**3 - 9*s**2 + 3*s - 76. Is t(-13) a prime number?
True
Let i(t) = 424*t + 1. Let y be i(1). Suppose -3*c + 34 + y = 0. Let q = 6 + c. Is q composite?
True
Suppose 2*j + 57 = -9. Is (-22)/j*174/2 a prime number?
False
Suppose -5*t + 2943 = -3347. Let x = -845 + t. Is x composite?
True
Let g(h) = h**2 - 24*h + 1. Is g(26) prime?
True
Is 314 - 4/((-12)/15) a prime number?
False
Suppose i = 5*h + 2041 + 2330, 0 = -3*h + 12. Is i a prime number?
True
Let l(g) = 508*g + 485. Is l(32) a prime number?
True
Let b(d) be the first derivative of -d**4/4 - 8*d**3/3 - 9*d**2/2 + 4*d - 88. Let o be ((-18)/4)/(1/2). Is b(o) composite?
True
Let y = -19 + 35. Is 20981/4 - y/64 composite?
True
Let w = 23 - 22. Let m(n) = 486*n**2 + 3*n - 2. Is m(w) prime?
True
Suppose 4*k - 2136 = -n + 23732, 4*k = -2*n + 25868. Is k prime?
False
Let v(g) = 11*g**3 + 7*g - 4. Let w be v(5). Let d = -999 + w. Is d a prime number?
False
Suppose -l = 5*w - 23, 5*w - w - 2*l = 10. Is w/2 - (-551 + -10) a prime number?
True
Let n be (48/20)/((-2)/(-310)). Suppose -6*j + 3*j + q + 268 = 0, n = 4*j - 5*q. Suppose 3*v + 5*g - j = 0, -2*g = 5*v - 79 - 36. Is v a composite number?
True
Let y(v) = -13*v + 7*v + 3*v**2 + 8*v**2 - 7 - 9*v. Is y(12) a prime number?
False
Suppose -2*g - i = -3*i - 3870, 0 = 2*g - 5*i - 3858. Is g a composite number?
True
Suppose w - 10 = -3*l, -l + 9 = -w - 1. Let o = w + 5. Is (-1 - 2) + 34 - o composite?
False
Suppose -m = k - 2, -2*m = k + 2*k - 4. Suppose 5*f + 3*u - 24 = k, -5*f + 0*u + 26 = 2*u. Suppose 18 = f*z - 4*z. Is z composite?
True
Let s be (-4)/6 + (-166)/(-6). Suppose -60*a + 24 = -56*a. Is 18/s + 458/a a prime number?
False
Let m be (-114)/4*(0 - 4). Let o = 1131 - m. Is o/7 - 10/35 a prime number?
False
Let b = 1524 - 55. Is b composite?
True
Let k(z) = -2*z**3 + 15*z**2 - 6*z - 9. Let l be k(7). Let d be (3 + -11)/(l + 0). Suppose j + v - 77 = 158, d*j - 922 = 5*v. Is j a composite number?
False
Let j = -9 - -13. Suppose -s + 4844 = j*s - 3*h, -5*s - h = -4832. Is s composite?
False
Suppose 14*a = 16*a + 66. Is (a/(-22))/((-6)/(-7796)) a composite number?
False
Suppose 0 = -2*c + 3 + 1. Suppose 3*g = 3*l + 2301, 2*l + 568 = -c*g + 2102. Is g composite?
True
Suppose -450153 = -50*j - 49*j. Is j prime?
True
Let s = 7814 + -5403. Is s a composite number?
False
Suppose -6*f = -f - 25. Let h = -86 + 86. Suppose -f*s + h*s = -265. Is s composite?
False
Let i be (41 + 7)*6/4. Is (i/(-12))/((-4)/74) prime?
False
Let f be 496/28 + (-2)/(-28)*4. Suppose f*o = 5*o + 1339. Is o a composite number?
False
Let n = 372 + -358. Is n composite?
True
Let y(u) be the first derivative of u**4/4 - 4*u**3/3 - 7*u**2/2 + 11*u + 3. Is y(10) prime?
True
Suppose 9 = -4*h - 5*f + 1, 3*h + 5*f + 11 = 0. Suppose h*a - 729 = 780. Is a prime?
True
Is -3389*(-6 - (-4 - 1)) a composite number?
False
Is (-6)/9*4413/((-4)/4) composite?
True
Suppose -26 = 6*s + 4. Is 3/(-1) + (1 - s) - -248 a composite number?
False
Let o(f) = 2*f**2 - f + 97. Let q be (-12)/(-5) - 4/10. Let t be 0*(15/6 - q). Is o(t) a composite number?
False
Let b(n) = 20*n - 2. Let m be b(13). Let l = m - 43. Is l a composite number?
True
Suppose 0 = -4*v - 2*c + 17736, -13*v + 14*v = -3*c + 4429. Is v prime?
False
Suppose 0 = 4*o + 5*z - 178, -77 - 15 = -2*o - z. Suppose -3*t - 46 = 2*w, 4*w - 45 + 109 = -4*t. Let r = o + t. Is r a prime number?
False
Is (9/(27/(-3639)))/(-1) composite?
False
Is 11 + -3 - 13 - (1 - 31475) prime?
True
Let z = -15 + 17. Suppose -q + 4*v = -37 - 19, z*v = -4. Let j = -26 + q. Is j composite?
True
Let c(a) = -a**2 - 17*a + 5. Let x = -4 + -11. Let k be c(x). Is (-3)/(-15) + 24178/k a composite number?
False
Suppose 7*s - 21790 = 5*s. Is s prime?
False
Let n(h) = h**3 - 7*h**2 - 6*h + 6. Suppose 4*c + 3*p = 23, c + p + 0 = 5. Is n(c) prime?
False
Let x be 3 + (-2 + 3 - 346). Let i = x - -6. Let y = 513 + i. Is y a composite number?
True
Le